atest common factor of 10 and 320?
10
Calculate the highest common factor of 2130 and 30.
30
What is the greatest common factor of 824 and 56?
8
Calculate the greatest common factor of 323 and 17.
17
Calculate the highest common divisor of 104 and 78.
26
Calculate the highest common divisor of 375 and 405.
15
What is the highest common factor of 4 and 1556?
4
Calculate the greatest common factor of 26 and 494.
26
Calculate the highest common divisor of 33 and 44.
11
Calculate the greatest common factor of 960 and 1356.
12
Calculate the highest common factor of 697 and 85.
17
Calculate the highest common factor of 228 and 7904.
76
Calculate the highest common factor of 355 and 71.
71
Calculate the highest common divisor of 21 and 273.
21
Calculate the highest common factor of 24 and 1236.
12
What is the greatest common factor of 6 and 208?
2
Calculate the greatest common divisor of 1978 and 86.
86
What is the greatest common factor of 8 and 10?
2
Calculate the greatest common divisor of 343 and 7.
7
What is the highest common divisor of 572 and 44?
44
What is the highest common factor of 25660 and 20?
20
Calculate the greatest common factor of 442 and 51.
17
What is the greatest common divisor of 8757 and 63?
63
Calculate the highest common factor of 4656 and 1455.
291
What is the greatest common factor of 22 and 429?
11
Calculate the highest common factor of 3587 and 136.
17
What is the highest common factor of 2 and 41?
1
What is the greatest common divisor of 42 and 224?
14
Calculate the highest common factor of 247 and 114.
19
What is the greatest common factor of 23 and 391?
23
Calculate the greatest common divisor of 861 and 123.
123
What is the highest common factor of 1665 and 45?
45
Calculate the greatest common factor of 1727 and 22.
11
What is the greatest common factor of 4208 and 64?
16
Calculate the highest common factor of 64 and 496.
16
What is the highest common factor of 59 and 177?
59
Calculate the greatest common factor of 390 and 75.
15
What is the greatest common divisor of 60 and 510?
30
What is the highest common divisor of 168 and 378?
42
What is the greatest common divisor of 138 and 92?
46
What is the greatest common factor of 15 and 5440?
5
Calculate the highest common factor of 15 and 30.
15
What is the greatest common factor of 189 and 21?
21
Calculate the greatest common divisor of 88 and 154.
22
Calculate the highest common factor of 913 and 11.
11
Calculate the greatest common factor of 2422 and 14.
14
What is the greatest common divisor of 5600 and 224?
224
Calculate the greatest common divisor of 17 and 459.
17
Calculate the greatest common divisor of 14250 and 150.
150
What is the highest common factor of 25 and 35?
5
Calculate the highest common divisor of 20 and 72980.
20
Calculate the greatest common divisor of 20 and 440.
20
What is the highest common divisor of 140 and 175?
35
Calculate the greatest common divisor of 12 and 3648.
12
Calculate the highest common divisor of 12 and 588.
12
What is the greatest common factor of 11 and 517?
11
What is the highest common factor of 125 and 18625?
125
Calculate the highest common factor of 76 and 190.
38
What is the highest common divisor of 265 and 1?
1
What is the greatest common divisor of 258 and 688?
86
Calculate the greatest common divisor of 890 and 267.
89
What is the greatest common divisor of 22 and 594?
22
Calculate the highest common factor of 170 and 30.
10
What is the highest common divisor of 25 and 700?
25
What is the greatest common divisor of 1521 and 26?
13
What is the highest common factor of 35794 and 22?
22
Calculate the greatest common divisor of 190 and 40.
10
What is the greatest common divisor of 6994 and 26?
26
Calculate the greatest common factor of 12172 and 68.
68
Calculate the greatest common factor of 2738 and 74.
74
Calculate the greatest common factor of 26081 and 11.
11
What is the greatest common divisor of 222 and 186?
6
Calculate the highest common divisor of 266 and 63.
7
Calculate the greatest common factor of 56 and 16.
8
What is the highest common factor of 10 and 750?
10
Calculate the greatest common factor of 14 and 1337.
7
What is the highest common factor of 96 and 7200?
96
Calculate the greatest common divisor of 23 and 3519.
23
What is the greatest common factor of 749 and 7?
7
Calculate the highest common factor of 16 and 9296.
16
What is the greatest common factor of 44 and 33?
11
Calculate the greatest common divisor of 20 and 140.
20
Calculate the greatest common factor of 594 and 121.
11
Calculate the highest common factor of 5494 and 134.
134
What is the greatest common factor of 16109 and 543?
181
Calculate the greatest common factor of 9301 and 497.
71
Calculate the greatest common divisor of 198 and 627.
33
What is the highest common divisor of 107 and 87954?
107
Calculate the greatest common factor of 125 and 15000.
125
What is the greatest common divisor of 1681 and 41?
41
Calculate the greatest common factor of 26 and 494.
26
What is the greatest common divisor of 50 and 59?
1
Calculate the highest common divisor of 70 and 2170.
70
What is the greatest common factor of 240 and 160?
80
What is the highest common factor of 44 and 3212?
44
What is the greatest common divisor of 77 and 5852?
77
Calculate the greatest common divisor of 2725 and 109.
109
Calculate the greatest common factor of 537 and 3.
3
What is the greatest common factor of 180 and 2412?
36
What is the greatest common divisor of 15 and 960?
15
What is the highest common factor of 108 and 24?
12
What is the greatest common factor of 4674 and 820?
82
What is the greatest common divisor of 803 and 1095?
73
Calculate the greatest common factor of 3893 and 153.
17
Calculate the highest common factor of 248 and 25792.
248
What is the greatest common factor of 20565 and 45?
45
Calculate the highest common factor of 456 and 30704.
152
Calculate the highest common factor of 238 and 7633.
17
What is the greatest common divisor of 5 and 14285?
5
What is the greatest common factor of 12 and 3426?
6
Calculate the highest common divisor of 162 and 6.
6
What is the highest common factor of 112 and 189?
7
Calculate the greatest common divisor of 20 and 14860.
20
Calculate the highest common divisor of 43 and 18533.
43
Calculate the greatest common divisor of 372 and 4278.
186
Calculate the greatest common divisor of 3 and 7.
1
Calculate the greatest common factor of 240 and 4380.
60
What is the highest common divisor of 165 and 1375?
55
What is the highest common factor of 21808 and 174?
58
What is the greatest common factor of 55 and 88?
11
What is the greatest common factor of 1458 and 156?
6
What is the highest common factor of 3 and 123?
3
What is the highest common divisor of 405 and 2511?
81
What is the greatest common divisor of 2 and 4666?
2
Calculate the greatest common divisor of 162 and 7452.
162
What is the highest common divisor of 6342 and 378?
42
Calculate the highest common divisor of 1418 and 2.
2
Calculate the highest common divisor of 8295 and 210.
105
What is the greatest common divisor of 1500 and 1140?
60
Calculate the highest common factor of 1421 and 441.
49
Calculate the highest common divisor of 1985 and 3.
1
Calculate the highest common factor of 232 and 49532.
116
What is the greatest common divisor of 1088 and 119?
17
Calculate the greatest common factor of 211 and 1.
1
Calculate the highest common divisor of 119 and 3213.
119
Calculate the greatest common divisor of 294 and 168.
42
What is the highest common factor of 915 and 244?
61
What is the highest common divisor of 448 and 28?
28
Calculate the greatest common divisor of 14368 and 16.
16
What is the highest common factor of 27 and 468?
9
What is the highest common factor of 752 and 11938?
94
Calculate the highest common divisor of 1534 and 944.
118
What is the highest common factor of 1443 and 148?
37
Calculate the greatest common divisor of 48 and 840.
24
Calculate the highest common factor of 215 and 10.
5
Calculate the highest common factor of 28196 and 318.
106
Calculate the greatest common factor of 1643 and 477.
53
What is the highest common factor of 106 and 6784?
106
Calculate the greatest common divisor of 4375 and 1925.
175
What is the greatest common divi